{"id":1689,"date":"2020-02-25T18:09:49","date_gmt":"2020-02-25T18:09:49","guid":{"rendered":"https:\/\/griepe.net\/?page_id=1689"},"modified":"2021-06-07T10:30:10","modified_gmt":"2021-06-07T10:30:10","slug":"axe-2-biodiversite-et-services-ecosystemiques","status":"publish","type":"page","link":"https:\/\/griepe.net\/?page_id=1689","title":{"rendered":"Axe 3 : Syst\u00e8mes de culture en zone foresti\u00e8re et savanicole"},"content":{"rendered":"<ul>\n<li>Exploitations cacaoy\u00e8res et pratiques culturales au sein d\u2019un espace domanial : cas de la for\u00eat class\u00e9e du Haut-Sassandra (FCHS), C\u00f4te d\u2019Ivoire &#8211; (2019) &#8211; <em>Journal of Animal and Plant Sciences<\/em>, 41 (3) : 7015 \u2013 7028 &#8211; Timit\u00e9 N., Sangne Y.C., Kpangui K.B. &amp; Barima Y.S.<\/li>\n<\/ul>\n<ul>\n<li>Pratique cacaoy\u00e8re, d\u00e9litement de l\u2019acc\u00e8s au foncier et s\u00e9curit\u00e9 alimentaire dans la sous-pr\u00e9fecture de Dania (centre-ouest de la C\u00f4te d\u2019Ivoire) &#8211; (2018) &#8211;<em>Tropicultura<\/em>, 36(2) : 380-391 &#8211; Koffi G.R.Y., Kouassi K., Barima Y.S.S., Kpangui K.B. &amp; Assi-Kaudjhis J.P.<\/li>\n<\/ul>\n<ul>\n<li>Saturation fonci\u00e8re \u00e0 la p\u00e9riph\u00e9rie de la For\u00eat Class\u00e9e du Haut-Sassandra (Centre-Ouest de la C\u00f4te d\u2019Ivoire) durant la p\u00e9riode de 1990 \u00e0 2016 -(2018) &#8211; <em>Tropicultura<\/em>, 36 (2) : 171-182 &#8211; Zanh G.G., Koua K.A.N., Kouakou K.A. &amp; Barima Y.S.S.<\/li>\n<\/ul>\n<ul>\n<li>Incidence de l\u2019ombrage sur les caract\u00e8res ph\u00e9notypiques du cacaoyer en zone de transition for\u00eat-savane au centre de la C\u00f4te d\u2019Ivoire \u2013 (2018) &#8211;\u00a0 <em>Cahiers Agricultures<\/em>, 27 (5) : 55001 &#8211; Kouadio V.P.G., Vroh B.T.A., Kpangui K.B., Kossonou A.S.F. &amp; Yao C.Y.A.<\/li>\n<\/ul>\n<ul>\n<li>Typology of cocoa-based agroforestry systems in a forest-savannah transition zone: case study of Kokumbo (Centre, C\u00f4te d\u2019Ivoire) \u2013 (2015) &#8211; <em style=\"font-size: inherit;\">International Journal of Agronomy and Agricultural Research<\/em><span style=\"font-size: inherit;\">, 6(3) : 36\u201347 &#8211; Kpangui K.B., Kouam\u00e9 D., Gone B.Z.B., Vroh B.T.A., Koffi B.J.-C. &amp; Adou Yao C.Y.<\/span><\/li>\n<\/ul>\n<ul>\n<li>\u00a0Farming practices, diversity and utilizations of associated species of cocoa plantations in a forest-savannah transition zone, Center C\u00f4te d\u2019Ivoire \u2013 (2015) &#8211; <em style=\"font-size: inherit;\">Global Journal of Wood Science, Forestry and Wildlife<\/em><span style=\"font-size: inherit;\">, 3(3) : 094\u2013100 &#8211; Adou Yao C.Y., Kpangui K.B., Koffi B.J.-C. &amp; Vroh B.T.A.<\/span><\/li>\n<\/ul>\n<ul>\n<li>\u00a0An Alternative View of Deforestation in Central Africa Based on a Boserupian Framework &#8211; (2011) \u2013 <em style=\"font-size: inherit;\">Tropicultura, <\/em><span style=\"font-size: inherit;\">29(4) : 250-254 &#8211; Bamba I., Visser M. &amp; Bogaert J.<\/span><\/li>\n<\/ul>\n<ul>\n<li>\u00a0Impact de la perturbation par les interventions sylvicoles et le feu sur la dynamique d\u2019un peuplement forestier en zone semi-d\u00e9cidue de C\u00f4te d\u2019Ivoire &#8211; (2010) &#8211; <em style=\"font-size: inherit;\">Sciences &amp; Nature<\/em><span style=\"font-size: inherit;\">, 7(2) : 131-142 &#8211; Yedmel M.S.C., Barima Y.S.S., Kouam\u00e9 N.F. &amp; Barbier N.<\/span><\/li>\n<\/ul>\n","protected":false},"excerpt":{"rendered":"<p>Exploitations cacaoy\u00e8res et pratiques culturales au sein d\u2019un espace domanial : cas de la for\u00eat class\u00e9e du Haut-Sassandra (FCHS), C\u00f4te d\u2019Ivoire &#8211; (2019) &#8211; Journal of Animal and Plant Sciences, 41 (3) : 7015 \u2013 7028 &#8211; Timit\u00e9 N., Sangne &hellip; <a href=\"https:\/\/griepe.net\/?page_id=1689\">Continuer la lecture <span class=\"meta-nav\">&rarr;<\/span><\/a><\/p>\n","protected":false},"author":1,"featured_media":0,"parent":0,"menu_order":0,"comment_status":"closed","ping_status":"closed","template":"","meta":{"footnotes":""},"_links":{"self":[{"href":"https:\/\/griepe.net\/index.php?rest_route=\/wp\/v2\/pages\/1689"}],"collection":[{"href":"https:\/\/griepe.net\/index.php?rest_route=\/wp\/v2\/pages"}],"about":[{"href":"https:\/\/griepe.net\/index.php?rest_route=\/wp\/v2\/types\/page"}],"author":[{"embeddable":true,"href":"https:\/\/griepe.net\/index.php?rest_route=\/wp\/v2\/users\/1"}],"replies":[{"embeddable":true,"href":"https:\/\/griepe.net\/index.php?rest_route=%2Fwp%2Fv2%2Fcomments&post=1689"}],"version-history":[{"count":4,"href":"https:\/\/griepe.net\/index.php?rest_route=\/wp\/v2\/pages\/1689\/revisions"}],"predecessor-version":[{"id":1941,"href":"https:\/\/griepe.net\/index.php?rest_route=\/wp\/v2\/pages\/1689\/revisions\/1941"}],"wp:attachment":[{"href":"https:\/\/griepe.net\/index.php?rest_route=%2Fwp%2Fv2%2Fmedia&parent=1689"}],"curies":[{"name":"wp","href":"https:\/\/api.w.org\/{rel}","templated":true}]}}