{"id":1793,"date":"2020-11-19T21:43:03","date_gmt":"2020-11-19T21:43:03","guid":{"rendered":"https:\/\/griepe.net\/?page_id=1793"},"modified":"2022-06-19T16:02:32","modified_gmt":"2022-06-19T16:02:32","slug":"theses","status":"publish","type":"page","link":"https:\/\/griepe.net\/?page_id=1793","title":{"rendered":"MEMOIRES DE MASTER"},"content":{"rendered":"<p><strong>2016<\/strong><\/p>\n<ul>\n<li>\n<ul>\n<li style=\"text-align: left;\"><strong>YEO Zahana S. (2016)<\/strong>. <em>ETAT DE LA DIVERSIT\u00c9 FLORISTIQUE ET STRUCTURALE DES FRAGMENTS FORESTIERS DU SUD-OUEST DU PARC NATIONAL DE LA COMO\u00c9 APR\u00c8S LES CONFLITS DES ANN\u00c9ES 2000 EN C\u00d4TE D\u2019IVOIRE<\/em>. <a href=\"http:\/\/YEO Zahana Seydou (2016). ETAT DE LA DIVERSIT\u00c9 FLORISTIQUE ET STRUCTURALE DES FRAGMENTS FORESTIERS DU SUD-OUEST DU PARC NATIONAL DE LA COMO\u00c9 APR\u00c8S LES CONFLITS DES ANN\u00c9ES 2000 EN C\u00d4TE D\u2019IVOIRE.\">R\u00e9sum\u00e9<\/a><\/li>\n<\/ul>\n<ul style=\"text-align: left;\">\n<li><strong>DALLY Brou\u00a0M. H. (2016)<\/strong>.<em>\u00a0SATURATION FONCIERE ET STRATEGIES DE SECURISATION ALIMENTAIRE DANS LES EXPLOITATIONS AGRICOLES DU HAUT-SASSANDRA<\/em>.\u00a0<a href=\"http:\/\/griepe.net\/wp-content\/uploads\/2016\/03\/RESUME-DU-MEMOIRE-dally.pdf\">VERSION pdf<\/a><\/li>\n<\/ul>\n<ul style=\"text-align: left;\">\n<li><strong>TCHAN Lou \u00a0B. \u00a0E. (2016)<\/strong>. <em>GENRE ET RELATION DE POUVOIR DANS LES DYNAMIQUES D&rsquo;APPROPRIATION ET DE VALORISATION \u00a0DES BAS-FONDS RIZICOLES DANS LA REGION DU HAUT-SASSANDRA<\/em>.\u00a0<a href=\"http:\/\/griepe.net\/wp-content\/uploads\/2016\/03\/MEMOIRE-Ta-Lou-Bouak\u00e9.pdf\">version pdf<\/a><\/li>\n<\/ul>\n<ul style=\"text-align: left;\">\n<li><strong>ZANH Golou G. (2016)<\/strong>.<em> USAGES DES PRODUITS FORESTIERS NON LIGNEUX (PFNL) SELON LES COMMUNAUTES RIVERAINES DE LA FORET CLASSEE DU HAUT-SASSANDRA (CENTRE-OUEST DE LA C\u00d4TE D\u2019IVOIRE)<\/em>. <a href=\"http:\/\/griepe.net\/wp-content\/uploads\/2016\/05\/RESUME-DU-MEMOIRE-ZANH.pdf\">R\u00e9sum\u00e9<\/a><\/li>\n<\/ul>\n<ul style=\"text-align: left;\">\n<li><strong>ASSALE Adjo Y. \u00a0(2016)<\/strong>. <em>AGENTS DE DEGRADATION DE LA FORET CLASSEE DU HAUT-SASSANDRA APRES UNE DECENNIE DE CONFLITS EN C\u00d4TE D\u2019IVOIRE<\/em>.\u00a0<a href=\"http:\/\/griepe.net\/wp-content\/uploads\/2016\/05\/resum\u00e9-memoire-Assal\u00e9.pdf\">R\u00e9sum\u00e9<\/a><\/li>\n<\/ul>\n<ul style=\"text-align: left;\">\n<li><strong>KOUA Kadio A. N. (2016)<\/strong>. <em>\u00c9CHELLE SPATIALE ET ANALYSE DE LA DYNAMIQUE DE LA FOR\u00caT CLASS\u00c9E DU HAUT-SASSANDRA (Centre-Ouest de la C\u00d4TE D\u2019IVOIRE) EN P\u00c9RIODE DE CONFLITS ARM\u00c9S<strong>.<\/strong><\/em> <a href=\"http:\/\/griepe.net\/wp-content\/uploads\/2016\/05\/R\u00e9sum\u00e9-KOUA-GRIEPE.pdf\">R\u00e9sum\u00e9<\/a><\/li>\n<\/ul>\n<ul>\n<li style=\"text-align: left;\"><strong>KOUAKOU Kouassi A. (2015)<\/strong>. <em>DIVERSIT\u00c9 FLORISTIQUE DE LA FOR\u00caT CLASS\u00c9E DU HAUT SASSANDRA (CENTRE-OUEST DE LA C\u00d4TE \u2019IVOIRE) EN P\u00c9RIODE POST CONFLITS ARM\u00c9S<\/em>. <a href=\"http:\/\/griepe.net\/wp-content\/uploads\/2017\/06\/resum\u00e9-memoire-KOUASSI-Appolinaire.pdf\">R\u00e9sum\u00e9<\/a><\/li>\n<\/ul>\n<\/li>\n<li><a href=\"https:\/\/griepe.net\/wp-content\/uploads\/2020\/11\/2016_Me\u0301moire_Zanh_-20-05-16.pdf\">Usages des produits forestiers non ligneux par les communaut\u00e9s riveraines de la for\u00eat class\u00e9e du Haut-Sassandra<\/a> \u2013 <em><strong>Zanh Golou Giz\u00e8le<\/strong><\/em><\/li>\n<\/ul>\n<p><strong>2018<\/strong><\/p>\n<ul>\n<li style=\"text-align: left;\"><a href=\"https:\/\/griepe.net\/wp-content\/uploads\/2020\/11\/2018_MEMOIRE_Hermann_GUEMI.pdf\">Dynamiques spatio-temporelles des vergers d\u2019anacardiers (Anacardium occidentale) dans la sous-pr\u00e9fecture de S\u00e9gu\u00e9la (Nord-Ouest de la C\u00f4te d\u2019Ivoire)<\/a> &#8211;\u00a0<strong><em> GUEMI Madou Hermann Alex<\/em><\/strong><\/li>\n<li><a href=\"https:\/\/griepe.net\/wp-content\/uploads\/2020\/11\/2018_Memoire-Master-PORQUET.pdf\">Phytog\u00e9ographie des for\u00eats class\u00e9es de Kokondekro, Soungourou et Mafa au centre de la C\u00f4te d\u2019Ivoire<\/a>. &#8211;<em><strong> PORQUET Ezoueyou Arthur<\/strong><\/em><\/li>\n<li><a href=\"https:\/\/griepe.net\/wp-content\/uploads\/2020\/11\/2018_Memoire_Kouman_Akoua_Djinabou.pdf\">Qualit\u00e9 \u00e9puratoire des bassins de traitement des d\u00e9chets liquides du Centre Hospitalier R\u00e9gional de Daloa (C\u00f4te d\u2019Ivoire) \u00e0 partir du phytoplancton et de quelques param\u00e8tres physico-chimiques<\/a> \u2013 <em><strong>KOUMA Akoua Djinabou<\/strong><\/em><\/li>\n<li><a href=\"https:\/\/griepe.net\/wp-content\/uploads\/2020\/11\/2018_ME\u0301MOIRE_Kouman_Kouame.pdf\">Suivi de la r\u00e9g\u00e9n\u00e9ration naturelle de la for\u00eat class\u00e9e du Haut-Sassandra (Centre-Ouest de la C\u00f4te d\u2019Ivoire) : mise en place du dispositif exp\u00e9rimental et \u00e9tat initial de la flore<\/a> \u2013 <em><strong>KOUMA Kouame Jean Marc<\/strong><\/em><\/li>\n<\/ul>\n<p><strong>2019<\/strong><\/p>\n<ul>\n<li><a href=\"https:\/\/griepe.net\/wp-content\/uploads\/2020\/11\/2019_Memoire-Kambire.pdf\">Diversit\u00e9 floristique des agrosyst\u00e8mes \u00e0 base de cultures p\u00e9rennes \u00e0 la p\u00e9riph\u00e9rie de la For\u00eat class\u00e9e du Haut-Sassandra (Centre-ouest de la C\u00f4te d\u2019Ivoire)<\/a>. &#8211; <em><strong>KAMBIRE Beh<\/strong><\/em><\/li>\n<li><a href=\"https:\/\/griepe.net\/wp-content\/uploads\/2020\/11\/2019_Memoire-Vauboud.doc\">Etude comparative de mod\u00e8les de simulation de la dynamique de l\u2019occupation du sol d\u2019une for\u00eat anthropis\u00e9e : cas de la For\u00eat class\u00e9e du Haut-Sassandra (Centre-ouest de la C\u00f4te d\u2019Ivoire &#8211;<\/a><em><strong> VAUBOUD Ekressin Marie-Dominique<\/strong><\/em><\/li>\n<li><a href=\"https:\/\/griepe.net\/wp-content\/uploads\/2020\/11\/2018_Memoire_GOLI.pdf\">Caract\u00e9ristiques agronomiques et diversit\u00e9 v\u00e9g\u00e9tale des cacaoy\u00e8res du d\u00e9partement de Biankouma (Ouest de la C\u00f4te d\u2019Ivoire)<\/a> &#8211; <em><strong>GOLI Kouadio Elis\u00e9e<\/strong><\/em><\/li>\n<li><a href=\"https:\/\/griepe.net\/wp-content\/uploads\/2020\/11\/2019_MEMOIRE-AKAFFOU.pdf\">R\u00e9partition spatiale de quatre esp\u00e8ces arborescentes pr\u00e9pond\u00e9rantes dans trois fragments de la for\u00eat class\u00e9e du Haut-Sassandra (Centre-Ouest, C\u00f4te d\u2019Ivoire)<\/a> &#8211; <em><strong>AKAFFOU Eric Tanguy<\/strong><\/em><\/li>\n<li><a href=\"https:\/\/griepe.net\/wp-content\/uploads\/2020\/11\/2019_Memoire_BLEU_Deffan.pdf\">Caract\u00e9risation des services d\u2019approvisionnement fournis par le peuplement v\u00e9g\u00e9tal d\u2019une for\u00eat domaniale anthropis\u00e9e : cas de la for\u00eat class\u00e9e du Haut-Sassandra (Centre-Ouest de la C\u00f4te d\u2019Ivoire)<\/a> &#8211; <em><strong>BLEU Deffan Kamin Christ Richmond<\/strong><\/em><\/li>\n<\/ul>\n<p><strong>2020<\/strong><\/p>\n<ul>\n<li><a href=\"https:\/\/griepe.net\/wp-content\/uploads\/2020\/11\/2020_Memoire-ABOZAN-Final.pdf\">Etude compar\u00e9e des transformations spatiales de la for\u00eat class\u00e9e du Haut-Sassandra et de sa p\u00e9riph\u00e9rie de 1997 \u00e0 2018<\/a> &#8211; <strong><em>ABOZAN Abozan Edouard<\/em><\/strong><\/li>\n<li><a href=\"https:\/\/griepe.net\/wp-content\/uploads\/2020\/11\/2020_Memoire-ADIKO_02072020.pdf\">Evaluation des services d\u2019approvisionnement fournis par la For\u00eat Class\u00e9e du Haut-Sassandra en 2000 et 2019 : cas de la production cacaoy\u00e8re et de bois d\u2019\u0153uvre<\/a> &#8211; <em><strong>ADIKO Anombrou Franck Anderson Elis\u00e9e<\/strong><\/em><\/li>\n<li><a href=\"https:\/\/griepe.net\/wp-content\/uploads\/2020\/11\/2020_Memoire_KOUAME.pdf\">Diversit\u00e9 floristique et valeur de conservation de la Reserve Ecologique de l\u2019Unit\u00e9 Agricole Int\u00e9grale de la SAPH de Toupah (Sud de la C\u00f4te d\u2019Ivoire)<\/a> &#8211; <em><strong>KOUAME Adjoua Flora Nad\u00e8ge<\/strong><\/em><\/li>\n<li><a href=\"https:\/\/griepe.net\/wp-content\/uploads\/2020\/11\/2020_Memoire_NGUESSAN-AKISSI-LEONCE.pdf\">Influence des migrations agricoles sur la modification du paysage dans le d\u00e9partement de Biankouma (Ouest de la C\u00f4te d\u2019Ivoire)<\/a> &#8211; <strong><em>N\u2019GUESSAN Akissi L\u00e9once<\/em><\/strong><\/li>\n<\/ul>\n","protected":false},"excerpt":{"rendered":"<p>2016 YEO Zahana S. (2016). ETAT DE LA DIVERSIT\u00c9 FLORISTIQUE ET STRUCTURALE DES FRAGMENTS FORESTIERS DU SUD-OUEST DU PARC NATIONAL DE LA COMO\u00c9 APR\u00c8S LES CONFLITS DES ANN\u00c9ES 2000 EN C\u00d4TE D\u2019IVOIRE. R\u00e9sum\u00e9 DALLY Brou\u00a0M. H. (2016).\u00a0SATURATION FONCIERE ET STRATEGIES &hellip; <a href=\"https:\/\/griepe.net\/?page_id=1793\">Continuer la lecture <span class=\"meta-nav\">&rarr;<\/span><\/a><\/p>\n","protected":false},"author":1,"featured_media":0,"parent":0,"menu_order":0,"comment_status":"closed","ping_status":"closed","template":"","meta":{"footnotes":""},"_links":{"self":[{"href":"https:\/\/griepe.net\/index.php?rest_route=\/wp\/v2\/pages\/1793"}],"collection":[{"href":"https:\/\/griepe.net\/index.php?rest_route=\/wp\/v2\/pages"}],"about":[{"href":"https:\/\/griepe.net\/index.php?rest_route=\/wp\/v2\/types\/page"}],"author":[{"embeddable":true,"href":"https:\/\/griepe.net\/index.php?rest_route=\/wp\/v2\/users\/1"}],"replies":[{"embeddable":true,"href":"https:\/\/griepe.net\/index.php?rest_route=%2Fwp%2Fv2%2Fcomments&post=1793"}],"version-history":[{"count":10,"href":"https:\/\/griepe.net\/index.php?rest_route=\/wp\/v2\/pages\/1793\/revisions"}],"predecessor-version":[{"id":2099,"href":"https:\/\/griepe.net\/index.php?rest_route=\/wp\/v2\/pages\/1793\/revisions\/2099"}],"wp:attachment":[{"href":"https:\/\/griepe.net\/index.php?rest_route=%2Fwp%2Fv2%2Fmedia&parent=1793"}],"curies":[{"name":"wp","href":"https:\/\/api.w.org\/{rel}","templated":true}]}}