{"id":23,"date":"2015-04-12T17:01:10","date_gmt":"2015-04-12T16:01:10","guid":{"rendered":"http:\/\/griepe.net\/?page_id=23"},"modified":"2021-11-30T10:26:52","modified_gmt":"2021-11-30T10:26:52","slug":"axes-de-recherche","status":"publish","type":"page","link":"https:\/\/griepe.net\/?page_id=23","title":{"rendered":"Axes de Recherche"},"content":{"rendered":"<p>Les recherches du GRIEPE sont orient\u00e9es sur 5 axes essentiels:<\/p>\n<p><strong><span style=\"text-decoration: underline;\"><span style=\"color: #ff0000; text-decoration: underline;\">AXE 1<\/span> <\/span>:\u00a0<\/strong><strong>Dynamiques spatio-temporelles des paysages<\/strong><\/p>\n<ul>\n<li>paysages<\/li>\n<li>\u00a0cartographie<\/li>\n<li>t\u00e9l\u00e9d\u00e9tection et SIG<\/li>\n<li>structure spatiale<\/li>\n<li>anthropisation<\/li>\n<li>mod\u00e9lisation<\/li>\n<\/ul>\n<p><strong><span style=\"text-decoration: underline;\"><span style=\"color: #ff0000; text-decoration: underline;\">AXE 2<\/span>\u00a0<\/span>:\u00a0<\/strong><strong>Biodiversit\u00e9<\/strong><strong>\u00a0et services \u00e9cosyst\u00e9miques<\/strong><\/p>\n<ul>\n<li>\u00a0flore<\/li>\n<li>r\u00e9g\u00e9n\u00e9ration naturelle et assist\u00e9e<\/li>\n<li>faune<\/li>\n<li>am\u00e9nagement forestier<\/li>\n<li>\u00a0produits forestiers non ligneux<\/li>\n<li>syst\u00e9matique<\/li>\n<\/ul>\n<p><strong><span style=\"text-decoration: underline;\"><span style=\"color: #ff0000; text-decoration: underline;\">AXE 3<\/span>\u00a0<\/span>:\u00a0<\/strong><strong>Syst\u00e8mes de culture en zone foresti\u00e8re et savanicole<\/strong><\/p>\n<ul>\n<li>cultures p\u00e9rennes<\/li>\n<li>saturation fonci\u00e8re<\/li>\n<li>changement climatique<\/li>\n<li>adaptation et r\u00e9silience,<\/li>\n<li>agroforesterie<\/li>\n<li>parcs traditionnels<\/li>\n<\/ul>\n<p><strong><span style=\"text-decoration: underline;\"><span style=\"color: #ff0000; text-decoration: underline;\">AXE 4<\/span>\u00a0<\/span>: P<\/strong><strong>ollution de l\u2019environnement<\/strong><\/p>\n<ul>\n<li>biomonitoring<\/li>\n<li>anatomie foliaire<\/li>\n<li>qualit\u00e9 de l\u2019air et de l\u2019eau<\/li>\n<li>aimantation r\u00e9manente<\/li>\n<li>r\u00e9flectance foliaire<\/li>\n<li>phytoremediation<\/li>\n<\/ul>\n<p><strong><span style=\"text-decoration: underline;\"><span style=\"color: #ff0000; text-decoration: underline;\">AXE 5<\/span> <\/span>: Socio-\u00e9conomie de l\u2019environnement<\/strong><\/p>\n<ul>\n<li>profil socio-d\u00e9mographique<\/li>\n<li>migration agricole<\/li>\n<li>production agricole<\/li>\n<li>usage des esp\u00e8ces<\/li>\n<li>perception des populations<\/li>\n<li>s\u00e9curit\u00e9 alimentaire<\/li>\n<\/ul>\n<p><strong><u>Chercheurs<\/u><\/strong><strong>\u00a0<\/strong>:<\/p>\n<ul>\n<li>Prof. BARIMA Y. S. Sabas<\/li>\n<li>Dr BAMBA Issouf<\/li>\n<li>Dr SANGNE Y. Charles<\/li>\n<li>Dr KPANGUI K. Bruno<\/li>\n<li>Dr KOUAKOU A. Tamia<\/li>\n<li>Dr NGOURAN K. Pierre<\/li>\n<li>Dr KOFFI N. Achille<\/li>\n<li>Dr KOUAKOU K. Apollinaire<\/li>\n<li>Dr ZANH Golou Gis\u00e8le<\/li>\n<li>Dr ASSALE A. Yvette<\/li>\n<li>Dr KOUA K. Noel<\/li>\n<\/ul>\n<p><span style=\"text-decoration: underline;\"><strong>Collaborateurs scientifiques<\/strong><\/span><\/p>\n<ul>\n<li>Prof. BOGAERT Jan<\/li>\n<li>Prof. ASSI-KAUDJHIS J. Pierre<\/li>\n<li>Prof. SINSIN Brice<\/li>\n<li>Prof. VOIRON-CANICIO Christine<\/li>\n<li>Dr TOYI S. Mireille<\/li>\n<li>Dr ZERBO Roger<\/li>\n<li>Dr KOUAME S\u00e9v\u00e9rin<\/li>\n<li>Dr KONAN Kouassi<\/li>\n<li>Dr ANDRIEU Julien<\/li>\n<li>Dr KOFFI Y.\u00a0 Guy<\/li>\n<\/ul>\n<p><strong><u>Doct<\/u><\/strong><strong><u>orants<\/u><\/strong><\/p>\n<ul>\n<li>KOUMAN K. Jean Marc<\/li>\n<li>HEMA K. Brigitte<\/li>\n<li>ZIDAGO M. St\u00e9phane<\/li>\n<li>TIMITE Nakouana<\/li>\n<li>KONAN D. Ghislain<\/li>\n<\/ul>\n","protected":false},"excerpt":{"rendered":"<p>Les recherches du GRIEPE sont orient\u00e9es sur 5 axes essentiels: AXE 1 :\u00a0Dynamiques spatio-temporelles des paysages paysages \u00a0cartographie t\u00e9l\u00e9d\u00e9tection et SIG structure spatiale anthropisation mod\u00e9lisation AXE 2\u00a0:\u00a0Biodiversit\u00e9\u00a0et services \u00e9cosyst\u00e9miques \u00a0flore r\u00e9g\u00e9n\u00e9ration naturelle et assist\u00e9e faune am\u00e9nagement forestier \u00a0produits forestiers non &hellip; <a href=\"https:\/\/griepe.net\/?page_id=23\">Continuer la lecture <span class=\"meta-nav\">&rarr;<\/span><\/a><\/p>\n","protected":false},"author":1,"featured_media":0,"parent":20,"menu_order":1,"comment_status":"open","ping_status":"open","template":"","meta":{"footnotes":""},"_links":{"self":[{"href":"https:\/\/griepe.net\/index.php?rest_route=\/wp\/v2\/pages\/23"}],"collection":[{"href":"https:\/\/griepe.net\/index.php?rest_route=\/wp\/v2\/pages"}],"about":[{"href":"https:\/\/griepe.net\/index.php?rest_route=\/wp\/v2\/types\/page"}],"author":[{"embeddable":true,"href":"https:\/\/griepe.net\/index.php?rest_route=\/wp\/v2\/users\/1"}],"replies":[{"embeddable":true,"href":"https:\/\/griepe.net\/index.php?rest_route=%2Fwp%2Fv2%2Fcomments&post=23"}],"version-history":[{"count":17,"href":"https:\/\/griepe.net\/index.php?rest_route=\/wp\/v2\/pages\/23\/revisions"}],"predecessor-version":[{"id":2086,"href":"https:\/\/griepe.net\/index.php?rest_route=\/wp\/v2\/pages\/23\/revisions\/2086"}],"up":[{"embeddable":true,"href":"https:\/\/griepe.net\/index.php?rest_route=\/wp\/v2\/pages\/20"}],"wp:attachment":[{"href":"https:\/\/griepe.net\/index.php?rest_route=%2Fwp%2Fv2%2Fmedia&parent=23"}],"curies":[{"name":"wp","href":"https:\/\/api.w.org\/{rel}","templated":true}]}}